{"id":1015,"date":"2024-07-02T13:50:17","date_gmt":"2024-07-02T12:50:17","guid":{"rendered":"https:\/\/camucamustudio.com\/?page_id=1015"},"modified":"2024-07-02T14:17:38","modified_gmt":"2024-07-02T13:17:38","slug":"apresentacao","status":"publish","type":"page","link":"https:\/\/camucamustudio.com\/index.php\/apresentacao\/","title":{"rendered":"Apresenta\u00e7\u00e3o"},"content":{"rendered":"\t\t<div data-elementor-type=\"wp-page\" data-elementor-id=\"1015\" class=\"elementor elementor-1015\" data-elementor-post-type=\"page\">\n\t\t\t\t<div class=\"elementor-element elementor-element-8dfea42 e-flex e-con-boxed e-con e-parent\" data-id=\"8dfea42\" data-element_type=\"container\">\n\t\t\t\t\t<div class=\"e-con-inner\">\n\t\t\t\t<div class=\"elementor-element elementor-element-f7d648b elementor-widget elementor-widget-heading\" data-id=\"f7d648b\" data-element_type=\"widget\" data-widget_type=\"heading.default\">\n\t\t\t\t<div class=\"elementor-widget-container\">\n\t\t\t\t\t<h2 class=\"elementor-heading-title elementor-size-default\">Ol\u00e1! Sou Poliana Calegario, designer a sua disposi\u00e7\u00e3o<\/h2>\t\t\t\t<\/div>\n\t\t\t\t<\/div>\n\t\t\t\t<div class=\"elementor-element elementor-element-23b62ab elementor-widget elementor-widget-image\" data-id=\"23b62ab\" data-element_type=\"widget\" data-widget_type=\"image.default\">\n\t\t\t\t<div class=\"elementor-widget-container\">\n\t\t\t\t\t\t\t\t\t\t\t\t<figure class=\"wp-caption\">\n\t\t\t\t\t\t\t\t\t\t<img fetchpriority=\"high\" decoding=\"async\" width=\"800\" height=\"723\" src=\"https:\/\/camucamustudio.com\/wp-content\/uploads\/2024\/07\/4E0F8DF9-DF3B-40B8-95C3-A3AA7AF97AD1-1024x926.png\" class=\"attachment-large size-large wp-image-1020\" alt=\"\" srcset=\"https:\/\/camucamustudio.com\/wp-content\/uploads\/2024\/07\/4E0F8DF9-DF3B-40B8-95C3-A3AA7AF97AD1-1024x926.png 1024w, https:\/\/camucamustudio.com\/wp-content\/uploads\/2024\/07\/4E0F8DF9-DF3B-40B8-95C3-A3AA7AF97AD1-300x271.png 300w, https:\/\/camucamustudio.com\/wp-content\/uploads\/2024\/07\/4E0F8DF9-DF3B-40B8-95C3-A3AA7AF97AD1-768x695.png 768w, https:\/\/camucamustudio.com\/wp-content\/uploads\/2024\/07\/4E0F8DF9-DF3B-40B8-95C3-A3AA7AF97AD1.png 1132w\" sizes=\"(max-width: 800px) 100vw, 800px\" \/>\t\t\t\t\t\t\t\t\t\t\t<figcaption class=\"widget-image-caption wp-caption-text\"><\/figcaption>\n\t\t\t\t\t\t\t\t\t\t<\/figure>\n\t\t\t\t\t\t\t\t\t<\/div>\n\t\t\t\t<\/div>\n\t\t\t\t<div class=\"elementor-element elementor-element-828b8c5 elementor-widget elementor-widget-text-editor\" data-id=\"828b8c5\" data-element_type=\"widget\" data-widget_type=\"text-editor.default\">\n\t\t\t\t<div class=\"elementor-widget-container\">\n\t\t\t\t\t\t\t\t\t<p><span style=\"letter-spacing: normal; caret-color: #000000; color: #000000; font-size: medium;\">Com uma paix\u00e3o por arte e design, transformo ideias em solu\u00e7\u00f5es visuais criativas e impactantes. Tenho experi\u00eancia em diversos projetos, desde branding at\u00e9 design digital, sempre buscando entregar resultados que superem as expectativas dos meus clientes. Meu objetivo \u00e9 utilizar minhas habilidades para criar designs que n\u00e3o apenas sejam esteticamente agrad\u00e1veis, mas que tamb\u00e9m transmitam a mensagem desejada de maneira clara e eficaz. Vamos juntos transformar suas ideias em realidade?<\/span><\/p>\t\t\t\t\t\t\t\t<\/div>\n\t\t\t\t<\/div>\n\t\t\t\t\t<\/div>\n\t\t\t\t<\/div>\n\t\t<div class=\"elementor-element elementor-element-2411f0b e-flex e-con-boxed e-con e-parent\" data-id=\"2411f0b\" data-element_type=\"container\">\n\t\t\t\t\t<div class=\"e-con-inner\">\n\t\t\t\t<div class=\"elementor-element elementor-element-72972b9 elementor-widget elementor-widget-spacer\" data-id=\"72972b9\" data-element_type=\"widget\" data-widget_type=\"spacer.default\">\n\t\t\t\t<div class=\"elementor-widget-container\">\n\t\t\t\t\t\t\t<div class=\"elementor-spacer\">\n\t\t\t<div class=\"elementor-spacer-inner\"><\/div>\n\t\t<\/div>\n\t\t\t\t\t\t<\/div>\n\t\t\t\t<\/div>\n\t\t\t\t<div class=\"elementor-element elementor-element-9ba3aff elementor-widget elementor-widget-heading\" data-id=\"9ba3aff\" data-element_type=\"widget\" data-widget_type=\"heading.default\">\n\t\t\t\t<div class=\"elementor-widget-container\">\n\t\t\t\t\t<h2 class=\"elementor-heading-title elementor-size-default\">portf\u00f3lio<\/h2>\t\t\t\t<\/div>\n\t\t\t\t<\/div>\n\t\t\t\t<div class=\"elementor-element elementor-element-0f9176c elementor-grid-3 elementor-grid-tablet-2 elementor-grid-mobile-1 elementor-widget elementor-widget-portfolio\" data-id=\"0f9176c\" data-element_type=\"widget\" data-settings=\"{&quot;columns&quot;:&quot;3&quot;,&quot;columns_tablet&quot;:&quot;2&quot;,&quot;columns_mobile&quot;:&quot;1&quot;,&quot;item_ratio&quot;:{&quot;unit&quot;:&quot;px&quot;,&quot;size&quot;:0.66,&quot;sizes&quot;:[]},&quot;item_gap&quot;:{&quot;unit&quot;:&quot;px&quot;,&quot;size&quot;:&quot;&quot;,&quot;sizes&quot;:[]},&quot;row_gap&quot;:{&quot;unit&quot;:&quot;px&quot;,&quot;size&quot;:&quot;&quot;,&quot;sizes&quot;:[]}}\" data-widget_type=\"portfolio.default\">\n\t\t\t\t<div class=\"elementor-widget-container\">\n\t\t\t\t\t\t\t<div class=\"elementor-portfolio elementor-grid elementor-posts-container\">\n\t\t\t\t<article class=\"elementor-portfolio-item elementor-post  post-500 post type-post status-publish format-standard has-post-thumbnail hentry category-uncategorized\">\n\t\t\t<a class=\"elementor-post__thumbnail__link\" href=\"https:\/\/camucamustudio.com\/index.php\/2024\/02\/16\/omi\/\">\n\t\t\t\t<div class=\"elementor-portfolio-item__img elementor-post__thumbnail\">\n\t\t\t<img decoding=\"async\" width=\"300\" height=\"169\" src=\"https:\/\/camucamustudio.com\/wp-content\/uploads\/2024\/02\/Slide-16_9-2-300x169.png\" class=\"attachment-medium size-medium wp-image-845\" alt=\"\" srcset=\"https:\/\/camucamustudio.com\/wp-content\/uploads\/2024\/02\/Slide-16_9-2-300x169.png 300w, https:\/\/camucamustudio.com\/wp-content\/uploads\/2024\/02\/Slide-16_9-2-1024x576.png 1024w, https:\/\/camucamustudio.com\/wp-content\/uploads\/2024\/02\/Slide-16_9-2-768x432.png 768w, https:\/\/camucamustudio.com\/wp-content\/uploads\/2024\/02\/Slide-16_9-2-1536x864.png 1536w, https:\/\/camucamustudio.com\/wp-content\/uploads\/2024\/02\/Slide-16_9-2-e1708529479270.png 889w\" sizes=\"(max-width: 300px) 100vw, 300px\" \/>\t\t<\/div>\n\t\t\t\t<div class=\"elementor-portfolio-item__overlay\">\n\t\t\t\t<h3 class=\"elementor-portfolio-item__title\">\n\t\tPT Moveis\t\t<\/h3>\n\t\t\t\t<\/div>\n\t\t\t\t<\/a>\n\t\t<\/article>\n\t\t\t\t<article class=\"elementor-portfolio-item elementor-post  post-499 post type-post status-publish format-standard has-post-thumbnail hentry category-uncategorized\">\n\t\t\t<a class=\"elementor-post__thumbnail__link\" href=\"https:\/\/camucamustudio.com\/index.php\/2024\/02\/16\/pri-pet-sitter\/\">\n\t\t\t\t<div class=\"elementor-portfolio-item__img elementor-post__thumbnail\">\n\t\t\t<img decoding=\"async\" width=\"300\" height=\"300\" src=\"https:\/\/camucamustudio.com\/wp-content\/uploads\/2024\/02\/logo-Pri-Pet-sitter-300x300.png\" class=\"attachment-medium size-medium wp-image-995\" alt=\"\" srcset=\"https:\/\/camucamustudio.com\/wp-content\/uploads\/2024\/02\/logo-Pri-Pet-sitter-300x300.png 300w, https:\/\/camucamustudio.com\/wp-content\/uploads\/2024\/02\/logo-Pri-Pet-sitter-1024x1024.png 1024w, https:\/\/camucamustudio.com\/wp-content\/uploads\/2024\/02\/logo-Pri-Pet-sitter-150x150.png 150w, https:\/\/camucamustudio.com\/wp-content\/uploads\/2024\/02\/logo-Pri-Pet-sitter-768x768.png 768w, https:\/\/camucamustudio.com\/wp-content\/uploads\/2024\/02\/logo-Pri-Pet-sitter-1536x1536.png 1536w, https:\/\/camucamustudio.com\/wp-content\/uploads\/2024\/02\/logo-Pri-Pet-sitter.png 1563w\" sizes=\"(max-width: 300px) 100vw, 300px\" \/>\t\t<\/div>\n\t\t\t\t<div class=\"elementor-portfolio-item__overlay\">\n\t\t\t\t<h3 class=\"elementor-portfolio-item__title\">\n\t\tPri Pet Sitter\t\t<\/h3>\n\t\t\t\t<\/div>\n\t\t\t\t<\/a>\n\t\t<\/article>\n\t\t\t\t<article class=\"elementor-portfolio-item elementor-post  post-498 post type-post status-publish format-standard has-post-thumbnail hentry category-uncategorized\">\n\t\t\t<a class=\"elementor-post__thumbnail__link\" href=\"https:\/\/camucamustudio.com\/index.php\/2024\/02\/16\/softy\/\">\n\t\t\t\t<div class=\"elementor-portfolio-item__img elementor-post__thumbnail\">\n\t\t\t<img loading=\"lazy\" decoding=\"async\" width=\"300\" height=\"169\" src=\"https:\/\/camucamustudio.com\/wp-content\/uploads\/2024\/02\/Quote-Page-300x169.jpg\" class=\"attachment-medium size-medium wp-image-1050\" alt=\"\" srcset=\"https:\/\/camucamustudio.com\/wp-content\/uploads\/2024\/02\/Quote-Page-300x169.jpg 300w, https:\/\/camucamustudio.com\/wp-content\/uploads\/2024\/02\/Quote-Page-1024x576.jpg 1024w, https:\/\/camucamustudio.com\/wp-content\/uploads\/2024\/02\/Quote-Page-768x432.jpg 768w, https:\/\/camucamustudio.com\/wp-content\/uploads\/2024\/02\/Quote-Page-1536x864.jpg 1536w, https:\/\/camucamustudio.com\/wp-content\/uploads\/2024\/02\/Quote-Page.jpg 1920w\" sizes=\"(max-width: 300px) 100vw, 300px\" \/>\t\t<\/div>\n\t\t\t\t<div class=\"elementor-portfolio-item__overlay\">\n\t\t\t\t<h3 class=\"elementor-portfolio-item__title\">\n\t\tRute Maia &#8211; Studio\t\t<\/h3>\n\t\t\t\t<\/div>\n\t\t\t\t<\/a>\n\t\t<\/article>\n\t\t\t\t<article class=\"elementor-portfolio-item elementor-post  post-497 post type-post status-publish format-standard has-post-thumbnail hentry category-uncategorized\">\n\t\t\t<a class=\"elementor-post__thumbnail__link\" href=\"https:\/\/camucamustudio.com\/index.php\/2024\/02\/16\/holandria\/\">\n\t\t\t\t<div class=\"elementor-portfolio-item__img elementor-post__thumbnail\">\n\t\t\t<img loading=\"lazy\" decoding=\"async\" width=\"260\" height=\"300\" src=\"https:\/\/camucamustudio.com\/wp-content\/uploads\/2022\/01\/Post_Holandria_Img_Featured-260x300.jpg\" class=\"attachment-medium size-medium wp-image-504\" alt=\"\" srcset=\"https:\/\/camucamustudio.com\/wp-content\/uploads\/2022\/01\/Post_Holandria_Img_Featured-260x300.jpg 260w, https:\/\/camucamustudio.com\/wp-content\/uploads\/2022\/01\/Post_Holandria_Img_Featured-768x885.jpg 768w, https:\/\/camucamustudio.com\/wp-content\/uploads\/2022\/01\/Post_Holandria_Img_Featured.jpg 863w\" sizes=\"(max-width: 260px) 100vw, 260px\" \/>\t\t<\/div>\n\t\t\t\t<div class=\"elementor-portfolio-item__overlay\">\n\t\t\t\t<h3 class=\"elementor-portfolio-item__title\">\n\t\tHolandria\t\t<\/h3>\n\t\t\t\t<\/div>\n\t\t\t\t<\/a>\n\t\t<\/article>\n\t\t\t\t<article class=\"elementor-portfolio-item elementor-post  post-496 post type-post status-publish format-standard has-post-thumbnail hentry category-uncategorized\">\n\t\t\t<a class=\"elementor-post__thumbnail__link\" href=\"https:\/\/camucamustudio.com\/index.php\/2024\/02\/16\/made-for-kids-2022\/\">\n\t\t\t\t<div class=\"elementor-portfolio-item__img elementor-post__thumbnail\">\n\t\t\t<img loading=\"lazy\" decoding=\"async\" width=\"260\" height=\"300\" src=\"https:\/\/camucamustudio.com\/wp-content\/uploads\/2022\/01\/Post_MFK_Img_Featured-260x300.jpg\" class=\"attachment-medium size-medium wp-image-501\" alt=\"\" srcset=\"https:\/\/camucamustudio.com\/wp-content\/uploads\/2022\/01\/Post_MFK_Img_Featured-260x300.jpg 260w, https:\/\/camucamustudio.com\/wp-content\/uploads\/2022\/01\/Post_MFK_Img_Featured-768x885.jpg 768w, https:\/\/camucamustudio.com\/wp-content\/uploads\/2022\/01\/Post_MFK_Img_Featured.jpg 863w\" sizes=\"(max-width: 260px) 100vw, 260px\" \/>\t\t<\/div>\n\t\t\t\t<div class=\"elementor-portfolio-item__overlay\">\n\t\t\t\t<h3 class=\"elementor-portfolio-item__title\">\n\t\tMFK\t\t<\/h3>\n\t\t\t\t<\/div>\n\t\t\t\t<\/a>\n\t\t<\/article>\n\t\t\t\t<article class=\"elementor-portfolio-item elementor-post  post-494 post type-post status-publish format-standard has-post-thumbnail hentry category-uncategorized\">\n\t\t\t<a class=\"elementor-post__thumbnail__link\" href=\"https:\/\/camucamustudio.com\/index.php\/2024\/02\/16\/cela\/\">\n\t\t\t\t<div class=\"elementor-portfolio-item__img elementor-post__thumbnail\">\n\t\t\t<img loading=\"lazy\" decoding=\"async\" width=\"260\" height=\"300\" src=\"https:\/\/camucamustudio.com\/wp-content\/uploads\/2022\/01\/Post_Cela_Img_Featured-260x300.jpg\" class=\"attachment-medium size-medium wp-image-502\" alt=\"\" srcset=\"https:\/\/camucamustudio.com\/wp-content\/uploads\/2022\/01\/Post_Cela_Img_Featured-260x300.jpg 260w, https:\/\/camucamustudio.com\/wp-content\/uploads\/2022\/01\/Post_Cela_Img_Featured-768x885.jpg 768w, https:\/\/camucamustudio.com\/wp-content\/uploads\/2022\/01\/Post_Cela_Img_Featured.jpg 863w\" sizes=\"(max-width: 260px) 100vw, 260px\" \/>\t\t<\/div>\n\t\t\t\t<div class=\"elementor-portfolio-item__overlay\">\n\t\t\t\t<h3 class=\"elementor-portfolio-item__title\">\n\t\tCela\t\t<\/h3>\n\t\t\t\t<\/div>\n\t\t\t\t<\/a>\n\t\t<\/article>\n\t\t\t\t<\/div>\n\t\t\t\t\t\t<\/div>\n\t\t\t\t<\/div>\n\t\t\t\t<div class=\"elementor-element elementor-element-e9395ec elementor-widget elementor-widget-spacer\" data-id=\"e9395ec\" data-element_type=\"widget\" data-widget_type=\"spacer.default\">\n\t\t\t\t<div class=\"elementor-widget-container\">\n\t\t\t\t\t\t\t<div class=\"elementor-spacer\">\n\t\t\t<div class=\"elementor-spacer-inner\"><\/div>\n\t\t<\/div>\n\t\t\t\t\t\t<\/div>\n\t\t\t\t<\/div>\n\t\t\t\t\t<\/div>\n\t\t\t\t<\/div>\n\t\t<div class=\"elementor-element elementor-element-289abfd e-flex e-con-boxed e-con e-parent\" data-id=\"289abfd\" data-element_type=\"container\">\n\t\t\t\t\t<div class=\"e-con-inner\">\n\t\t\t\t<div class=\"elementor-element elementor-element-bc9c4ec elementor-headline--style-highlight elementor-widget elementor-widget-animated-headline\" data-id=\"bc9c4ec\" data-element_type=\"widget\" data-settings=\"{&quot;highlighted_text&quot;:&quot;Impressionar&quot;,&quot;headline_style&quot;:&quot;highlight&quot;,&quot;marker&quot;:&quot;circle&quot;,&quot;loop&quot;:&quot;yes&quot;,&quot;highlight_animation_duration&quot;:1200,&quot;highlight_iteration_delay&quot;:8000}\" data-widget_type=\"animated-headline.default\">\n\t\t\t\t<div class=\"elementor-widget-container\">\n\t\t\t\t\t\t\t<h3 class=\"elementor-headline\">\n\t\t\t\t\t<span class=\"elementor-headline-plain-text elementor-headline-text-wrapper\">voc\u00ea vai se<\/span>\n\t\t\t\t<span class=\"elementor-headline-dynamic-wrapper elementor-headline-text-wrapper\">\n\t\t\t\t\t<span class=\"elementor-headline-dynamic-text elementor-headline-text-active\">Impressionar<\/span>\n\t\t\t\t<\/span>\n\t\t\t\t<\/h3>\n\t\t\t\t\t\t<\/div>\n\t\t\t\t<\/div>\n\t\t\t\t\t<\/div>\n\t\t\t\t<\/div>\n\t\t\t\t<\/div>\n\t\t","protected":false},"excerpt":{"rendered":"<p>Ol\u00e1! Sou Poliana Calegario, designer a sua disposi\u00e7\u00e3o Com uma paix\u00e3o por arte e design, transformo ideias em solu\u00e7\u00f5es visuais criativas e impactantes. Tenho experi\u00eancia em diversos projetos, desde branding at\u00e9 design digital, sempre buscando entregar resultados que superem as expectativas dos meus clientes. Meu objetivo \u00e9 utilizar minhas habilidades para criar designs que n\u00e3o [&hellip;]<\/p>\n","protected":false},"author":1,"featured_media":0,"parent":0,"menu_order":0,"comment_status":"closed","ping_status":"closed","template":"","meta":{"footnotes":""},"_links":{"self":[{"href":"https:\/\/camucamustudio.com\/index.php\/wp-json\/wp\/v2\/pages\/1015"}],"collection":[{"href":"https:\/\/camucamustudio.com\/index.php\/wp-json\/wp\/v2\/pages"}],"about":[{"href":"https:\/\/camucamustudio.com\/index.php\/wp-json\/wp\/v2\/types\/page"}],"author":[{"embeddable":true,"href":"https:\/\/camucamustudio.com\/index.php\/wp-json\/wp\/v2\/users\/1"}],"replies":[{"embeddable":true,"href":"https:\/\/camucamustudio.com\/index.php\/wp-json\/wp\/v2\/comments?post=1015"}],"version-history":[{"count":17,"href":"https:\/\/camucamustudio.com\/index.php\/wp-json\/wp\/v2\/pages\/1015\/revisions"}],"predecessor-version":[{"id":1043,"href":"https:\/\/camucamustudio.com\/index.php\/wp-json\/wp\/v2\/pages\/1015\/revisions\/1043"}],"wp:attachment":[{"href":"https:\/\/camucamustudio.com\/index.php\/wp-json\/wp\/v2\/media?parent=1015"}],"curies":[{"name":"wp","href":"https:\/\/api.w.org\/{rel}","templated":true}]}}